is the remainder when l(0) is divided by r?
6
Suppose 0*n + 3*n = 5*f - 88, 5*n + 22 = f. Suppose 0 = -b - 11*b + 36. Calculate the remainder when f is divided by b.
2
Let v = -127 + 144. Let p(s) = -2*s. Let w be p(-1). Calculate the remainder when (2 + w)/((-2)/(-24)) is divided by v.
14
Let r be (6/10)/((-18)/(-24))*20. Suppose 0 = -r*w + 2*w + 672. What is the remainder when 189 is divided by w?
45
Let p = 8 + 1. Let g = p - 4. Let y = g - -3. What is the remainder when 23 is divided by y?
7
Suppose -116 = -7*u + 73. Let o = 29 - u. Let j = 0 + 1. What is the remainder when o is divided by j?
0
Suppose -7*t = -5*t + 6. Let q(d) = -2*d + 11. Let r = -96 + 144. What is the remainder when r is divided by q(t)?
14
Let u = -38 - -90. Let z = u + -40. What is the remainder when z is divided by 8?
4
Let m(i) = i**3 + 7*i**2 + 6*i + 2. Let b be m(-6). Let c(q) = 2*q + 4. Let t be c(b). What is the remainder when (-564)/(-14) - t/28 is divided by 14?
12
Suppose -632 = -2*i - 70. Calculate the remainder when i is divided by 47.
46
Let p = -454 + 492. What is the remainder when 453 is divided by p?
35
Let r be (108/(-90))/(2/(-5)). Suppose -2*p + 73 = 4*x - 57, 4*p - 255 = -r*x. Calculate the remainder when p is divided by 8.
7
Suppose 2*j - 20 = -2*j. Suppose d + 1 = j. Suppose -1 = -5*l + d. Calculate the remainder when 3 is divided by l.
0
Let z(h) = -h**2 + 18*h + 55. Let q be z(25). Let n = -112 - q. Calculate the remainder when 75 is divided by n.
3
Let j = -228 - -246. Let v be (-358)/(-5) - 2/(-5). Let m = v - 39. Calculate the remainder when m is divided by j.
15
Let d = 15 - 14. Let r(a) = 8*a - d + 0*a - 3*a - 1. Calculate the remainder when 50 is divided by r(3).
11
Let m = 141 + 48. Let f(q) = -q**2 - 49*q - 506. What is the remainder when m is divided by f(-17)?
37
Suppose -8*a + 3224 = -0*a. What is the remainder when a is divided by 27?
25
Let r(k) = 12*k**2 - 10*k - 5. Calculate the remainder when 74 is divided by r(-2).
11
Suppose -9*c = 6*c + 2175. Let t = -113 - c. What is the remainder when 94 is divided by t?
30
Suppose q - 182 = 2*j, q - 35*j = -31*j + 180. What is the remainder when q is divided by 21?
16
Suppose -10*v + 175 = 45. Calculate the remainder when 62 is divided by v.
10
Let g(r) = 3*r. Let b be g(-2). Let z be (-1*30)/(b/(-4)). What is the remainder when -4*(-1)/(-10)*z is divided by 6?
2
Let z = -8 - -13. Suppose z*t = 74 + 46. What is the remainder when t is divided by 16 + (0 + -1 - 1)?
10
Let n(d) = -10*d**2 + 44*d + 8. What is the remainder when 304 is divided by n(4)?
16
Suppose 3*f = 6*f. Suppose -3*p = -f*k + k - 38, p + k = 12. Calculate the remainder when 33 is divided by p.
7
Suppose -5 = -5*p, -4*t - 4*p + 209 = -3*p. Calculate the remainder when 56 is divided by t.
4
Let z = 337 + -314. Calculate the remainder when z is divided by 6.
5
Let u = 130 + 70. Suppose 2*q + 4*p = u, 5*q - 7*p - 500 = -2*p. Calculate the remainder when q is divided by 17.
15
Suppose 4*o - 3*q - 84 = q, -16 = -o - 4*q. Let y(t) = t**3 + 9*t**2 - 16*t - 3. Calculate the remainder when y(-10) is divided by o.
17
Let t = 11 - 18. Let m(j) = j + 16. What is the remainder when (5/(-1))/(4/(-12)) is divided by m(t)?
6
What is the remainder when (84 - 80)/(((-2)/(-5))/2) is divided by 0 + (0 - -1) - -5?
2
Let c be 3/(-2)*38/(-3). Suppose -5*p - 4*n = -56, 0 = 4*p + 3*n - c - 25. Let w = 1 + 19. What is the remainder when w is divided by p?
4
Calculate the remainder when 144 is divided by (-5)/80 - (-7413)/336.
12
Suppose 4645 = 42*r - 983. Calculate the remainder when r is divided by 23.
19
Let j = -265 - -456. Calculate the remainder when j is divided by 32.
31
Suppose 151 = 4*c + 3*g, -3*c + g + 82 = -3*g. What is the remainder when 68 is divided by c?
0
Let r be 2/9 - (-300)/108. Let n = r + 1. Let p(i) = i**3 + i**2 - 2*i. What is the remainder when p(n) is divided by 25?
22
Let g(u) = u**3 + 6*u**2 - 18*u - 55. What is the remainder when 1137 is divided by g(-7)?
15
Suppose 0*k + 4*k - 2*r = 68, 2*k + 3*r - 18 = 0. Suppose 0 = -2*v - v + k. What is the remainder when 83 is divided by v?
3
Suppose -2*t + 990 = 16*t. What is the remainder when t is divided by 30?
25
Let z = 36 - 21. Let u = 5 + z. Let g = -126 - -203. What is the remainder when g is divided by u?
17
Let u(c) = -c**3 - 7*c**2 - 3*c + 5. Let j be u(-6). Let l = -50 - j. Let x = 68 + l. Calculate the remainder when x is divided by 8.
7
Let s(r) = 2*r**2 + 3*r - 1. Let n(h) = -8*h**2 + 4*h - 2. Let m be n(4). Let k = 151 + m. What is the remainder when k is divided by s(-4)?
18
Suppose -2*b = -6*b - 4*v + 124, -3*b + 4*v + 93 = 0. What is the remainder when 211 is divided by b?
25
Let m = 47 - 31. Calculate the remainder when 127 is divided by m.
15
Suppose 2365*s = 2351*s + 560. Calculate the remainder when 109 is divided by s.
29
Suppose 5*t = -o + 156, 2*t - 5*t = -2*o - 91. Let g = 31 + -19. Calculate the remainder when t is divided by g.
7
Let i(k) = k**3 - 3*k**2 + 19*k - 44. What is the remainder when 62 is divided by i(3)?
10
Suppose 77 = -5*p - 4*j, -2*j = p - 3*p - 38. Let c = p + 20. What is the remainder when c is divided by -1 - (3 + -9 + 3 - -1)?
0
Let g(o) = 5*o - 6*o + 17 - 2*o + o. Calculate the remainder when 66 is divided by g(-9).
31
Calculate the remainder when 365 is divided by (-858)/(-14) - ((-35)/49 + 1).
60
Let f = 1647 - 1624. What is the remainder when 870 is divided by f?
19
Let k = -98 + 136. Calculate the remainder when 248 is divided by k.
20
Let z(f) = -f**3 + 11*f**2 + 3. Suppose -2*g - 2*g = 0. Suppose 3*o + g = 6. Calculate the remainder when z(11) is divided by o.
1
Let z = 354 + -321. What is the remainder when 119 is divided by z?
20
Suppose 3*q = -2*q + 10. Suppose 5*v + 27 = -6*i + 5*i, -2*v = -4*i - 64. Let c = i + 18. What is the remainder when q is divided by c?
0
Suppose 4*n - 3*c - 15 = 0, 1 = 2*n + 5*c - 0*c. Suppose 5*l + 42 = n*v - 149, v - 61 = -l. What is the remainder when v is divided by 9?
8
Suppose 0 = -3*l - o + 37, -5 = -21*o + 16*o. Let d = -21 + 68. What is the remainder when d is divided by l?
11
Let v(c) = -20*c**3 - 2*c**2 - 2*c - 1. Let r(w) = 7*w + 36. Let p be (-8)/(0 + (-6)/(-3)). Calculate the remainder when v(-1) is divided by r(p).
3
Let x = 1523 + -1368. What is the remainder when x is divided by 13?
12
Suppose 21*l = 25*l - 284. What is the remainder when l is divided by (-150)/(-8) - (-4)/16?
14
Let y(i) = i**2 - i + 3. Let n be y(4). Let p = n + -15. Suppose 3*m + 2*d - 97 = p, 0 = 2*m - d - 2*d - 56. Calculate the remainder when m is divided by 11.
9
Suppose 5*x = -0*x + 180. Suppose -8 = -5*i + 3*i. Suppose -w + 4 = 0, -i*z + 75 - 19 = w. Calculate the remainder when x is divided by z.
10
Let k = 592 - 454. Calculate the remainder when k is divided by 24.
18
Let v(x) = 95*x - 470. Suppose -4*p = p - 35. What is the remainder when p is divided by v(5)?
2
Suppose 4*g - 9 - 39 = 0. Suppose -196 - g = -4*n. What is the remainder when 258 is divided by n?
50
Let t(a) = 11*a**2 - 4*a + 8. Let v be t(4). Suppose 9*s = 3*s + v. Calculate the remainder when 55 is divided by s.
27
Suppose -2*j = -8, 5*t - 25 = j + 211. What is the remainder when t is divided by 9?
3
Let a = 2723 + -2680. Suppose -o + 0 = -v + 4, 3*v + o = 32. Calculate the remainder when a is divided by v.
7
Let t(c) be the first derivative of 7*c**3/3 + c - 9. What is the remainder when 12 is divided by t(1)?
4
Suppose 5*y - 122 = 78. Calculate the remainder when y is divided by (-2)/(-2 - 77/(-42)).
4
What is the remainder when 51 is divided by ((-162)/42)/(11/(-77))?
24
Let o = -41 - -44. Suppose 67 = 5*c - 4*n + 8*n, -5*n = o*c - 35. Calculate the remainder when 56 is divided by c.
11
Let p(g) = -3*g + 7. Let h = 105 - 123. What is the remainder when p(h) is divided by 31?
30
Let h = -88 + 147. Calculate the remainder when h is divided by (2/((-2)/(-15)))/1.
14
Let f be (-4)/(-9)*15*-3. Calculate the remainder when 3 - f/(-6)*-3 is divided by (-17 + -1)/(-3) + 2.
5
Suppose 41*z = 612 + 2053. What is the remainder when 227 is divided by z?
32
Suppose -4*m + 4*y + 848 = 0, -4*m = -7*m - 3*y + 630. Calculate the remainder when m is divided by 27.
22
Let m(s) = -s + 9. Let z be m(13). Calculate the remainder when 14/(-6)*-1*3 is divi